2. Let x(z) = 11*z + 121. Calculate the remainder when x(u) is divided by 26.
23
Let h = 30 - 28. Suppose -5*a - 74 = -h*f + f, -278 = -5*f + 2*a. Let k = 78 - f. Calculate the remainder when 42 is divided by k.
18
Let c = 3467 + -3450. Calculate the remainder when c is divided by 11.
6
Suppose 2*i - 91 - 13 = 0. Calculate the remainder when 510 + 36 + 216/(-8) is divided by i.
51
Let h be (-2)/(-6) + 87/9. Let c = 26 + h. Suppose -4*r + 793 = -5*a + 244, 0 = 4*a - 12. What is the remainder when r is divided by c?
33
Calculate the remainder when (29 - -19)/24*1547/2 is divided by 31.
28
Suppose -10637 = -16*o - 2413. Calculate the remainder when 1563 is divided by o.
21
Suppose -8*c + 11*c = -5*q - 170, 5*c - 170 = 5*q. Let u = 64 + q. Calculate the remainder when u is divided by 2.
0
Suppose -2*r = 3*o + 2*o - 12, 5*r = -20. Suppose 3*v + 45 = -2*t, 11*t - v = 6*t - 104. What is the remainder when ((-15)/(-1) + 3)*(-7)/t is divided by o?
2
Let o be (-52)/9 + 4*(-1)/18. Let h be 0 + (-2 - o - 4). Let r(s) = -3*s + 31. Calculate the remainder when 58 is divided by r(h).
27
Suppose -21 - 9 = -5*b. Suppose 5*p + 2 = 3*p - 2*w, 2*w + b = 0. Suppose -p*q + 804 = 2*q. What is the remainder when q is divided by 34?
31
Let b(l) = 179*l - 229. Suppose 2*m - 10 = 26. Suppose 0 = -3*t - m + 117. Calculate the remainder when b(2) is divided by t.
30
Let h(s) = -58*s**3 + 2*s**2 + s. Let r be -1 + (5 - 2 - (0 - 0)). What is the remainder when h(-1) is divided by 3*r*(-168)/(-63)?
11
Let z = 235 + -236. Let u(t) = -33*t - 14. What is the remainder when 57 - 1 - 1/1 is divided by u(z)?
17
Let h(s) = -26*s + 937. Let u be h(35). Suppose 7*d = 4*d + 96. Suppose -u*x = -d*x + 80. What is the remainder when 46 is divided by x?
14
Let g(k) = k**3 + 7*k**2 + 25*k + 7. Let w be g(-8). Let x = 267 + w. Suppose -5*l = 69 - 359. What is the remainder when l is divided by x?
8
Suppose 554*m = 571*m - 10965. What is the remainder when m is divided by 36?
33
Suppose 0 = 54*k + 9*k - 819. Calculate the remainder when (229 + 1)/(2 + 0) is divided by k.
11
Let l(p) = 22*p - 74. Suppose -33*w + 84 = -19*w. Calculate the remainder when 346 is divided by l(w).
56
Suppose -1693 - 1287 = -33*a + 1409. Calculate the remainder when 583 is divided by a.
51
Suppose -64*o = 51*o - 1610. Calculate the remainder when 115 is divided by o.
3
What is the remainder when 3/12 + (-432170)/(-920) is divided by 167?
136
Suppose -4*x - 5*k = -140, -2*x + 79 = -k + 23. Calculate the remainder when 1082 is divided by x.
2
Let r(d) = d**3 + 55*d**2 + 296*d + 112. Calculate the remainder when 2365 is divided by r(-49).
13
Suppose -t + 398 = 2*n, -38*n - 2*t = -41*n + 576. Calculate the remainder when 604 is divided by n.
16
Let h(s) = 2*s - 191. Let t be h(-7). Let w = t + 215. Calculate the remainder when 357 is divided by w.
7
Let j(v) = 9*v + 1. Suppose -17517*q + 18537 = -17406*q. Calculate the remainder when q is divided by j(2).
15
Suppose -4393 - 1061 = -131*q + 1096. Calculate the remainder when 2939 is divided by q.
39
Let q = 359 + -225. Let o = q - 126. Let j(p) = p**3 - 9*p**2 + 13*p - 7. What is the remainder when 63 is divided by j(o)?
30
Calculate the remainder when 225 - 4*121/44 is divided by 17.
10
Let q(n) = n**3 + 3*n**2 - 22*n + 12. Let f be q(7). Let r = f + -321. Calculate the remainder when r is divided by -2 - ((-2)/(-1) - 11).
6
Suppose 2*o = -4, 92 = 2*h + 2*h - 2*o. Suppose 5*t + 2978 - 8543 = 0. Suppose 30*z - t = 687. What is the remainder when z is divided by h?
16
Let x(v) = -2*v**3 + 197*v + 394. Suppose 4*s - 26 = -10. Let p(a) = a**3 + 2*a**2 - 6*a + 3. Calculate the remainder when p(s) is divided by x(-2).
11
Suppose -3*t - 9*v = 23 - 1010, -5*v = 40. Calculate the remainder when t is divided by 51.
47
Let t be 144/(-30)*(0 + -10). Suppose -60*y + 276 = -t*y. What is the remainder when 41 is divided by y?
18
Let p be 22/(-33)*81/(-2). Let v be 7 + -11 + p*1. Suppose 7*i + 240 = v*i. What is the remainder when i is divided by 6?
3
Let z = -1180 - -1196. Calculate the remainder when 891 is divided by z.
11
Let o be 4*-1 + 258/(72/(-12)). Let p = 109 + o. What is the remainder when 119 is divided by p?
57
Suppose 6 = -2*f, 4*f = 3*t - f - 84. Let q(z) = z**2 + 12*z - 39. Let k be q(-19). Let r = 108 - k. Calculate the remainder when t is divided by r.
9
Let b = 11280 - 11055. Calculate the remainder when 711 is divided by b.
36
Suppose 0 = 3*r + 15 + 63. Let l be (5 + 3)/(-2) - r. Suppose -5*p + 108 + l = 0. Calculate the remainder when 76 is divided by p.
24
Let y(w) = -3*w**2 - 115*w - 716. Suppose 4*u + 19 - 95 = 0. Calculate the remainder when y(-30) is divided by u.
15
Let j(s) = -s**3 + 7*s**2 - s - 3. Let o(b) = -b**2 - 7*b - 8. Let c be o(-4). Calculate the remainder when 571 is divided by j(c).
38
Let t(z) = -2*z**3 + 28*z**2 + 4*z - 31. Let d be t(14). Suppose -2*h + d = u, 0*h + 4 = h. Calculate the remainder when u is divided by 10.
7
Suppose -55 = -3*q - 8*q. Let n be 10 - (-1)/(-2)*-2. Suppose -3*d = -q*j + 42, d + d - n = -j. What is the remainder when 39 is divided by j?
3
Suppose 79*b = 2*y + 83*b - 326, 3*b = 4*y - 608. What is the remainder when y is divided by 12?
11
Let x = -881 - -1001. Suppose 4*d = 14*d - x. Calculate the remainder when 28 is divided by d.
4
Suppose 56*w + 3098 = 2*f + 60*w, -3*f - 5*w + 4649 = 0. Calculate the remainder when f is divided by 14.
13
Let w be 9355/100*4 + (-1)/5. Let h = w - 368. What is the remainder when 15 is divided by h?
3
Let r = -41 - 12. Let y = r + 58. Suppose -5*v + y*j = -70, 2*v - 4*j = 55 - 17. Calculate the remainder when v is divided by 3.
0
Suppose -4*u - 5*s - 2090 = -9*u, 434 = u - 5*s. Let g = 944 - u. Calculate the remainder when g is divided by 41.
38
Let d(v) = 42*v**2 + v. Let m = -18934 + 18941. What is the remainder when d(-1) is divided by m?
6
Let q be -2*(610/(-4) + -1 + 1). Suppose 36*l = 31*l + q. What is the remainder when l is divided by ((-26)/(-8))/(-2 + 63/28)?
9
Let s be ((-18)/(-4))/((-15)/(-20)). Suppose s = 4*z + 5*g - 9, -5*z = 4*g - 12. Suppose 0 = -2*l - z*l + 294. What is the remainder when l is divided by 50?
47
What is the remainder when 131 is divided by 63/6*(-2392)/(-322)?
53
Let v(j) = -13*j - 34. Let k(m) = -11*m**2 + 75*m + 6. Let w be k(7). What is the remainder when 349 is divided by v(w)?
69
Let j(z) = 6*z**2 + 2*z. Let y(v) = -v**3 - v**2 + 3*v + 5. Let k be y(0). Suppose -k*b + 5 = -5. Calculate the remainder when j(b) is divided by 9.
1
Let g(a) = -2*a. Let d be g(-2). Let k = 8 - d. Suppose -2189 = -261*i + 160. What is the remainder when i is divided by k?
1
Suppose 0 = 12*h - 80 - 4. Suppose -h - 2 = -f + 5*q, 4*f - 5*q = 51. Calculate the remainder when 27 is divided by f.
13
Let f = -843 + 570. Let q = f - -414. Let j = q + -62. What is the remainder when j is divided by 27?
25
Suppose -20*r + 41422 = 58*r + 71*r. What is the remainder when 1113 is divided by r?
1
Let j(a) = -a**3 - 13*a**2 + 14*a + 323. What is the remainder when 268 is divided by j(-13)?
127
Suppose -11*h + 12*h - 4 = 0. Let x = 18 + h. What is the remainder when 13*(58/18 + x/(-99)) is divided by 10?
9
Let w(o) = -o**2 + 62*o + 2919. What is the remainder when w(84) is divided by 527?
17
Let k(h) = 2*h**2 - 2*h - 7. Let s be k(8). Let m = 27 + 0. Calculate the remainder when (3 - 1)/(1*2/s) is divided by m.
24
Let g = 35 + -69. Let k = g + 47. Let p = 159 - 123. Calculate the remainder when p is divided by k.
10
Suppose 0 = 2*c - 3*m - 823, 121 + 266 = c - 5*m. What is the remainder when c is divided by 25?
22
Let o(g) be the third derivative of -g**5/30 - 5*g**4/4 + 13*g**3/6 - 3*g**2 - 6*g. What is the remainder when 120 is divided by o(-14)?
38
Let b(f) = -2*f**2 + 4*f - 5. Let d be b(-2). Calculate the remainder when 62 is divided by (40/(-24))/(1/d).
27
Let o = -12720 - -12905. Calculate the remainder when 6473 is divided by o.
183
Let a(w) = -w**3 - 4*w**2 + 78*w + 89. What is the remainder when a(-13) is divided by 52?
24
Let v(h) = -2*h**3 + h**2 + 2*h + 1. Suppose -5*x - 5*m = -7 - 53, 4*m = 2*x. Suppose -48 = -x*c + 4*c. What is the remainder when v(-3) is divided by c?
10
Suppose 0 = 64*u - 65*u + 21. Suppose -u*j = -112 - 161. What is the remainder when 370 is div